{"id":461,"date":"2024-05-18T13:43:58","date_gmt":"2024-05-18T13:43:58","guid":{"rendered":"https:\/\/cs-diving.com\/?page_id=461"},"modified":"2025-02-26T15:51:16","modified_gmt":"2025-02-26T15:51:16","slug":"nitrox-diver","status":"publish","type":"page","link":"https:\/\/cs-diving.com\/?page_id=461","title":{"rendered":"Nitrox Diver"},"content":{"rendered":"\t\t<div data-elementor-type=\"wp-page\" data-elementor-id=\"461\" class=\"elementor elementor-461\">\n\t\t\t\t<div class=\"elementor-element elementor-element-40e17c8 e-con-full e-flex e-con e-parent\" data-id=\"40e17c8\" data-element_type=\"container\" data-e-type=\"container\">\n\t\t\t\t<div class=\"elementor-element elementor-element-42848ef elementor-widget elementor-widget-text-editor\" data-id=\"42848ef\" data-element_type=\"widget\" data-e-type=\"widget\" data-widget_type=\"text-editor.default\">\n\t\t\t\t<div class=\"elementor-widget-container\">\n\t\t\t\t\t\t\t\t\t<p>Vor nicht allzu langer Zeit war Nitrox (angereicherte Luft) etwas, das nur technische Spitzentaucher verwendeten. Heute ist es unter Freizeittauchern weit verbreitet.<\/p><p>Hier erf\u00e4hrst du, was du \u00fcber den Erwerb eines Nitrox-Brevets wissen musst, welche Vor- und Nachteile das Tauchen mit Nitrox anstelle von Luft hat und was das f\u00fcr uns Taucher bedeutet.<\/p><hr class=\"wp-block-separator has-css-opacity\" \/><div class=\"wp-block-image is-resized\"><figure class=\"aligncenter size-full\"><img fetchpriority=\"high\" decoding=\"async\" class=\"alignnone wp-image-35625 aligncenter\" title=\"Nitrox tanks on a dive boat\" src=\"https:\/\/blog.padi.com\/wp-content\/uploads\/2018\/08\/Padi-GrandCayman-03-2018-topside-0203.jpg\" sizes=\"(max-width: 1000px) 100vw, 1000px\" srcset=\"https:\/\/blog.padi.com\/wp-content\/uploads\/2018\/08\/Padi-GrandCayman-03-2018-topside-0203.jpg 1000w, https:\/\/blog.padi.com\/wp-content\/uploads\/2018\/08\/Padi-GrandCayman-03-2018-topside-0203-300x200.jpg 300w, https:\/\/blog.padi.com\/wp-content\/uploads\/2018\/08\/Padi-GrandCayman-03-2018-topside-0203-768x512.jpg 768w, https:\/\/blog.padi.com\/wp-content\/uploads\/2018\/08\/Padi-GrandCayman-03-2018-topside-0203-82x55.jpg 82w\" alt=\"\" width=\"560\" height=\"374\" \/><\/figure><\/div><h2 class=\"wp-block-heading\" style=\"text-align: left;\"><strong>Was ist Nitrox?<\/strong><\/h2><p style=\"text-align: left;\">Der Mensch ist es gewohnt, Luft zu atmen, die zu etwa 79\u00a0% aus Stickstoff und 21\u00a0% aus Sauerstoff besteht. Technisch gesehen kann man jedes <a href=\"https:\/\/de.wikipedia.org\/wiki\/Nitrox\">Gemisch aus Stickstoff und Sauerstoff<\/a> als Nitrox bezeichnen \u2013 also auch die Luft, die du gerade atmest.<\/p><p style=\"text-align: left;\">Beim Freizeittauchen bezeichnet \u201eNitrox\u201c (auch bekannt als \u201eEnriched Air Nitrox\u201c und \u201eEANx\u201c) in der Regel ein Atemgas mit 32\u00a0% oder 36\u00a0% Sauerstoff. Mehr Sauerstoff bedeutet weniger Stickstoff, und das hat einige nette Vorteile.<\/p><hr class=\"wp-block-separator has-alpha-channel-opacity\" \/><h2 class=\"wp-block-heading\" style=\"text-align: left;\"><strong>Kannst du mit Nitrox l\u00e4nger tauchen?<\/strong><\/h2><p style=\"text-align: left;\">Wie du im RAID Open Water 20-Kurs gelernt hast, ist die Stickstoffabsorption eines der Dinge, die unsere F\u00e4higkeit zur Erkundung unter Wasser einschr\u00e4nken, indem sie bestimmen, wie lange wir in der Tiefe bleiben und wie tief wir tauchen k\u00f6nnen. Dahingegen kannst du mit angereicherter Luft:<\/p><ul class=\"wp-block-list\" style=\"text-align: left;\"><li>deine Grundzeit verl\u00e4ngern (was l\u00e4ngere Tauchzeiten bedeuten kann),<\/li><li>Oberfl\u00e4chenintervalle verk\u00fcrzen,<\/li><li>bei Wiederholungstauchg\u00e4ngen tiefer tauchen.<\/li><\/ul><p style=\"text-align: left;\">Alternativ verwenden viele Taucher angereicherte Luft, um die Menge an Stickstoff, die sie aufnehmen, zu reduzieren und gleichzeitig die Nullzeitgrenzen einzuhalten. Dies ist eine gute M\u00f6glichkeit, w\u00e4hrend eines Tauchgangs besonders konservativ zu sein und deine pers\u00f6nlichen Sicherheitsmargen zu erh\u00f6hen.\u00a0<\/p><hr class=\"wp-block-separator has-alpha-channel-opacity\" \/><div class=\"wp-block-image is-resized\"><figure class=\"aligncenter size-full\"><img decoding=\"async\" class=\"wp-image-21745 aligncenter\" title=\"A PADI Enriched Air Diver\" src=\"https:\/\/blog.padi.com\/wp-content\/uploads\/2016\/10\/Bahamas_Diving.jpg\" sizes=\"(max-width: 1024px) 100vw, 1024px\" srcset=\"https:\/\/blog.padi.com\/wp-content\/uploads\/2016\/10\/Bahamas_Diving.jpg 1024w, https:\/\/blog.padi.com\/wp-content\/uploads\/2016\/10\/Bahamas_Diving-300x200.jpg 300w, https:\/\/blog.padi.com\/wp-content\/uploads\/2016\/10\/Bahamas_Diving-768x512.jpg 768w, https:\/\/blog.padi.com\/wp-content\/uploads\/2016\/10\/Bahamas_Diving-82x55.jpg 82w\" alt=\"A PADI Enriched Air Diver enjoys an optional course dive with a dive instructor while swimming among reef fish in the Bahamas\" width=\"560\" height=\"373\" \/><\/figure><\/div><h2 class=\"wp-block-heading\" style=\"text-align: left;\"><strong>Ist Nitrox es wert?\u00a0<\/strong><\/h2><p style=\"text-align: left;\">Wenn du Lust hast, l\u00e4nger unten zu bleiben und fr\u00fcher wieder ins Wasser zu kommen, dann <em>ja, <\/em>dann lohnt sich das Nitrox-Brevet. Du kannst mehr Fotos aufnehmen, mehr Schildkr\u00f6ten zuwinken und mehr Zeit mit Erkundungen verbringen.<\/p><p style=\"text-align: left;\">Auch wenn du nur einen Tauchgang machst, der aber tiefer als 15\u00a0Meter ist, hast du einige Vorteile, wenn du angereicherte Luft verwendest.<\/p><p style=\"text-align: left;\"><em>Bedenke Folgendes:<\/em><\/p><ul class=\"wp-block-list\" style=\"text-align: left;\"><li>Wenn du einen Tauchgang mit Luft bis 21\u00a0Meter Tiefe planst, betr\u00e4gt deine maximale Nullzeit 40\u00a0Minuten.<\/li><li>Wenn du mit 32\u00a0% angereicherter Luft auf die gleiche Tiefe tauchst, betr\u00e4gt die Nullzeit 60\u00a0Minuten \u2013 das sind ganze 20 Minuten mehr ungefilterte Unterwasserzeit (es sei denn, du verbrauchst das Atemgas in deiner Flasche vorher).<\/li><\/ul><hr class=\"wp-block-separator has-alpha-channel-opacity\" \/><div class=\"wp-block-image is-resized\" style=\"text-align: left;\">\u00a0<\/div><h2 class=\"wp-block-heading\" style=\"text-align: left;\"><strong>Angereicherte Luft und Wiederholungstauchen<\/strong><\/h2><p style=\"text-align: left;\">Viele Taucher warten zu lange, um angereicherte Luft auszuprobieren. Tats\u00e4chlich erkennen viele Taucher die Vorteile eines Nitrox-Brevets erst, wenn sie bereits im Tauchurlaub sind.<\/p><hr class=\"wp-block-separator has-css-opacity\" \/><div class=\"wp-block-image is-resized\"><figure class=\"aligncenter size-full\"><img decoding=\"async\" class=\"wp-image-221373 aligncenter\" title=\"Analyzing a nitrox tank\" src=\"https:\/\/blog.padi.com\/wp-content\/uploads\/2013\/03\/padi-enriched-air-diver-analyzer-nitrox-mix-scaled.jpg\" sizes=\"(max-width: 2048px) 100vw, 2048px\" srcset=\"https:\/\/blog.padi.com\/wp-content\/uploads\/2013\/03\/padi-enriched-air-diver-analyzer-nitrox-mix-scaled.jpg 2048w, https:\/\/blog.padi.com\/wp-content\/uploads\/2013\/03\/padi-enriched-air-diver-analyzer-nitrox-mix-300x200.jpg 300w, https:\/\/blog.padi.com\/wp-content\/uploads\/2013\/03\/padi-enriched-air-diver-analyzer-nitrox-mix-1024x683.jpg 1024w, https:\/\/blog.padi.com\/wp-content\/uploads\/2013\/03\/padi-enriched-air-diver-analyzer-nitrox-mix-768x512.jpg 768w, https:\/\/blog.padi.com\/wp-content\/uploads\/2013\/03\/padi-enriched-air-diver-analyzer-nitrox-mix-1536x1024.jpg 1536w\" alt=\"A scuba diver analyzing the oxygen content of their enriched air tank, one of the requirements of diving with nitrox vs air\" width=\"560\" height=\"373\" \/><\/figure><\/div><h2 class=\"wp-block-heading\"><strong>Was sind die Vor- und Nachteile des Tauchens mit angereicherter Luft?<\/strong><\/h2><p>Inzwischen solltest du eine gute Vorstellung davon haben, warum Taucher oftmals Nitrox vorziehen. Zusammengefasst sind dies die Vorteile von Nitrox:\u00a0<\/p><ul class=\"wp-block-list\"><li>L\u00e4ngere Grundzeiten und k\u00fcrzere Oberfl\u00e4chenintervalle<\/li><li>Tiefer tauchen bei Wiederholungstauchg\u00e4ngen<\/li><li>Erh\u00f6hte Sicherheitsmargen beim Tauchen innerhalb der Nullzeitgrenzen f\u00fcr Luft<\/li><li>Viele Taucher sagen auch, dass sie sich nach dem Tauchen mit Nitrox weniger m\u00fcde f\u00fchlen (obwohl das nicht wissenschaftlich bewiesen ist).<\/li><\/ul><p>Aber wenn angereicherte Luft so toll ist, warum taucht dann nicht jeder st\u00e4ndig mit Nitrox? <em>Gute Frage.<\/em> Das Tauchen mit Nitrox hat ein paar Nachteile:<\/p><ul class=\"wp-block-list\"><li><strong>Kosten:<\/strong> Die F\u00fcllung von Flaschen mit Nitrox kostet in der Regel mehr als die F\u00fcllung mit normaler Luft.<\/li><li><strong>Beschr\u00e4nkungen in der Tiefe:<\/strong> Um eine Sauerstoffvergiftung zu vermeiden, ist die maximale Tiefe beim Atmen von Nitrox geringer als die von Luft und h\u00e4ngt von der Mischung ab (etwas, das du w\u00e4hrend deiner Nitrox-Brevetierung lernst).<\/li><li><strong>Verf\u00fcgbarkeit:<\/strong> Nicht jeder Dive Shop oder jede Tauchsafari bietet Nitrox an.<\/li><li><strong>Anforderungen an die Flaschen:<\/strong> Du brauchst eine spezielle Nitrox-Flasche f\u00fcr F\u00fcllungen mit angereicherter Luft.<\/li><\/ul><p>Schlie\u00dflich solltest du bedenken, dass die Verwendung von angereicherter Luft nichts daran \u00e4ndert, <em>wie<\/em> <em>viel<\/em> du atmest. Dieser Faktor kann deine Tauchg\u00e4nge trotzdem verk\u00fcrzen. Also arbeite daran, deinen Gasverbrauch zu reduzieren, um die Vorteile des Nitrox-Tauchens optimal zu nutzen. <strong>Noch ein paar Gr\u00fcnde f\u00fcr eine RAID NITROX-Brevetierung<\/strong><\/p><ul class=\"wp-block-list\"><li>Du erf\u00e4hrst mehr \u00fcber die Funktionen deines Tauchcomputers.<\/li><li>Du verbesserst dein Verst\u00e4ndnis der Tauchphysiologie, was besonders wichtig ist, wenn du vorhast, eines Tages ein RAID Divemaster oder Instructor zu werden.<\/li><li>Du brauchst ein Nitrox-Brevet zur Anmeldung f\u00fcr Kurse zum technischen Tauchen.<\/li><li>Du bist einen Schritt n\u00e4her am Master Diver.<\/li><\/ul><h2 class=\"wp-block-heading\"><strong>Beginne deine Nitrox-Brevetierung online<\/strong><\/h2><p>Die Brevetierung zur Nutzung von angereicherter Luft dauert nur ein paar Stunden. Den gr\u00f6\u00dften Teil deiner Nitrox-Ausbildung kannst du mit RAID Online Kurs von zu Hause aus absolvieren. Ein kurzes pers\u00f6nliches Treffen mit einem RAID Instructor, bei dem du den Umgang mit einem Sauerstoffanalysator \u00fcbst, um dein Gasgemisch (und ein paar andere Dinge) zu \u00fcberpr\u00fcfen, ist alles, was du zum Abschluss ben\u00f6tigst. Du hast auch die M\u00f6glichkeit, zwei optionale Tauchg\u00e4nge zu absolvieren, um deine F\u00e4higkeiten in die Praxis umzusetzen.<\/p>\t\t\t\t\t\t\t\t<\/div>\n\t\t\t\t<\/div>\n\t\t\t\t<\/div>\n\t\t\t\t<\/div>\n\t\t","protected":false},"excerpt":{"rendered":"<p>Vor nicht allzu langer Zeit war Nitrox (angereicherte Luft) etwas, das nur technische Spitzentaucher verwendeten. Heute ist es unter Freizeittauchern weit verbreitet. Hier erf\u00e4hrst du, was du \u00fcber den Erwerb eines Nitrox-Brevets wissen musst, welche Vor- und Nachteile das Tauchen mit Nitrox anstelle von Luft hat und was das f\u00fcr uns Taucher bedeutet. Was ist &hellip; <\/p>\n<p class=\"link-more\"><a href=\"https:\/\/cs-diving.com\/?page_id=461\" class=\"more-link\">Mehr <span class=\"screen-reader-text\">\u00fcber &#8222;Nitrox Diver&#8220; <\/span>Lesen<\/a><\/p>\n","protected":false},"author":1,"featured_media":663,"parent":0,"menu_order":0,"comment_status":"closed","ping_status":"closed","template":"","meta":{"footnotes":""},"class_list":["post-461","page","type-page","status-publish","has-post-thumbnail","hentry"],"_links":{"self":[{"href":"https:\/\/cs-diving.com\/index.php?rest_route=\/wp\/v2\/pages\/461","targetHints":{"allow":["GET"]}}],"collection":[{"href":"https:\/\/cs-diving.com\/index.php?rest_route=\/wp\/v2\/pages"}],"about":[{"href":"https:\/\/cs-diving.com\/index.php?rest_route=\/wp\/v2\/types\/page"}],"author":[{"embeddable":true,"href":"https:\/\/cs-diving.com\/index.php?rest_route=\/wp\/v2\/users\/1"}],"replies":[{"embeddable":true,"href":"https:\/\/cs-diving.com\/index.php?rest_route=%2Fwp%2Fv2%2Fcomments&post=461"}],"version-history":[{"count":28,"href":"https:\/\/cs-diving.com\/index.php?rest_route=\/wp\/v2\/pages\/461\/revisions"}],"predecessor-version":[{"id":666,"href":"https:\/\/cs-diving.com\/index.php?rest_route=\/wp\/v2\/pages\/461\/revisions\/666"}],"wp:featuredmedia":[{"embeddable":true,"href":"https:\/\/cs-diving.com\/index.php?rest_route=\/wp\/v2\/media\/663"}],"wp:attachment":[{"href":"https:\/\/cs-diving.com\/index.php?rest_route=%2Fwp%2Fv2%2Fmedia&parent=461"}],"curies":[{"name":"wp","href":"https:\/\/api.w.org\/{rel}","templated":true}]}}